t is the remainder when 42 is divided by (0 + 2)/((-4)/(-30))?
12
Suppose 5*f - 53 = 4*y - 379, 0 = 3*f + 6. Suppose -4*q + 10 = 2, -3*k = 5*q - y. What is the remainder when k is divided by 13?
10
Let n(r) = r**3 + 1 + 2*r + 0*r**3 + 0*r. Let s be n(-1). What is the remainder when 19 is divided by -2*s/2 + 8?
9
Let s(l) = l**3 + 17*l**2 + 12. Let g be s(-17). What is the remainder when (106/4)/(6/g) is divided by 11?
9
Let x be (-222)/(-9) + 3/9. Suppose y - 4*p = 34, -2*y - 2*p + 82 = 3*y. Calculate the remainder when y is divided by (-2)/5*x/(-1).
8
Calculate the remainder when (-1 + 6)/((-2)/(-4)) is divided by 4.
2
Let i = 109 - 73. Let u = -22 + i. Let d = 140 + -100. Calculate the remainder when d is divided by u.
12
Suppose 0*d + 30 = 3*d. Let y = -13 + 42. Calculate the remainder when y is divided by d.
9
Suppose 0 = -5*l + 2*n + 20, -2*l + 3*n + 22 - 3 = 0. Suppose 0 = q - 19 - l. Calculate the remainder when 81 is divided by q.
18
Let m = 93 + -56. Let o be 66/(-8)*(-8)/3. Suppose -3*k + 4*k + 3*x = o, 4*x - 12 = 0. Calculate the remainder when m is divided by k.
11
Let j = -48 + 105. Calculate the remainder when j is divided by 30.
27
Let z(u) = -u + 4. Let h be 4/(-22) - (-324)/(-33). Calculate the remainder when 53 is divided by z(h).
11
Let h = 35 + -20. What is the remainder when 59 is divided by h?
14
Let o = 92 + -12. Calculate the remainder when o is divided by 22.
14
Suppose -5*x + 30 + 130 = 0. Calculate the remainder when x is divided by 11.
10
Let g = 26 + -10. Suppose -7 = a + 3. Let s = g + a. What is the remainder when 11 is divided by s?
5
Let b be -2*(60/(-8))/5. Suppose -b*l = l - 36. Calculate the remainder when 17 is divided by l.
8
Let z(x) = 9*x**2 + x**3 + 6*x - 3*x**2 + 10 - 7. Calculate the remainder when 21 is divided by z(-4).
10
Let r(k) = -k**2 + 16*k - 7. What is the remainder when r(11) is divided by 10?
8
Let v(f) = -f**3 - 7*f**2 - f + 4. Calculate the remainder when v(-7) is divided by 4.
3
Let u = -7 - -9. Suppose 198 = u*v + v. What is the remainder when v is divided by 23?
20
Suppose 3*k - 36 = -2*x, -36 = -0*k - 3*k + 2*x. Calculate the remainder when 86/(-129)*(-135)/2 is divided by k.
9
Let r = 115 + -81. What is the remainder when r is divided by 10?
4
Suppose -25 = -4*z - 1. Calculate the remainder when 34 is divided by z.
4
Let b = 222 + -132. Calculate the remainder when (2 + 1)/(6/b) is divided by 3/6*1*46.
22
Let c(i) = i**3 - i + 57. Calculate the remainder when c(0) is divided by 12.
9
Suppose -9 = -r - 0. Suppose 17 = 3*n + 2*f, -f = -n - 0*f + r. Calculate the remainder when 25 is divided by n.
4
Suppose 4*i - b = 3, -6 = -3*i - 0*b + 2*b. Suppose i = -u + 4, -5*u + 28 = 2*q. What is the remainder when 18 is divided by q?
2
Suppose 5*h - o + 326 = -0*h, -4*o + 314 = -5*h. Suppose 3*c - 4*u = 0, -1 + 2 = c - u. What is the remainder when 43 is divided by ((-8)/12)/(c/h)?
10
Suppose -82 = -d - 49. Suppose 8 = -2*t + 44. Calculate the remainder when d is divided by t.
15
Let n(u) = 5*u - u + 4 - 2*u. What is the remainder when n(6) is divided by 5?
1
Suppose -5*x = -45 - 65. Let w(n) = 2*n**2 + 2*n. What is the remainder when x is divided by w(-3)?
10
Suppose -2*c = 4*t - 60 + 4, 2*t - 2*c = 16. Suppose 0 = -4*b + 5*s - 115, s = 6*b - 2*b + 103. Let a = -2 - b. Calculate the remainder when a is divided by t.
11
Let d(n) = -7*n + 15. Let m be d(-11). Suppose 0 = -5*f + 3*f + m. Suppose 36 = 3*u - 0*u. Calculate the remainder when f is divided by u.
10
Let m(a) = a. Let o be m(2). Suppose 8*f - o = 6*f. Calculate the remainder when 0 - 1/(f/(-15)) is divided by 9.
6
Let j(l) = -l + 1. Let x(t) = -t**2 - 7*t - 7. Let f be (-7 - -3) + 2 + -5. Let r be x(f). What is the remainder when 13 is divided by j(r)?
5
Let r = -1 - -5. Let c = -7 + 11. Suppose -c*a - 16 = -4*u + 4, 2*u + 4 = -5*a. Calculate the remainder when r is divided by u.
1
Let o(a) = 2*a**2 - 5*a + 1. Let t be 8*-1*2/(-4). Calculate the remainder when o(t) is divided by 5.
3
Let c(l) = -20*l - 25. Calculate the remainder when c(-3) is divided by 18.
17
Suppose -s + 0*s = -5. Suppose -16 = -3*k + 2*k + 2*m, -3*k + 26 = s*m. Let j(g) = g**2 - 4*g + 3. What is the remainder when j(-4) is divided by k?
11
Suppose 3*j - 2*h = 2*j, -4*j = -5*h. Suppose 0 = 3*s - j - 51. What is the remainder when s is divided by 10?
7
Let f(q) = -q**3 + 2*q**2 + 2*q. Let y = -4 + 6. Let p be f(y). Suppose -2*s + 47 = 5*n, -n = n + p*s - 22. Calculate the remainder when 26 is divided by n.
8
Let d(y) = 3*y - 9. Let b(f) = -f**2 - 15*f - 9. Let r be b(-14). Calculate the remainder when 10 is divided by d(r).
4
Let m(p) = p + 9. Let x be m(-4). Suppose a + 340 = x*a. Suppose 0*f + a = 5*f. What is the remainder when f is divided by 6?
5
Let t = -147 - -197. What is the remainder when 196 is divided by t?
46
Let g(f) = -f**3 - 2*f**2 + 5*f + 3. Let o(v) = -14*v + 1. Calculate the remainder when o(-3) is divided by g(-4).
13
Suppose m - 4*m + 69 = 0. What is the remainder when m is divided by 12?
11
Suppose -5*g = -0*g - 105. Let h(f) = 14*f - 106. Calculate the remainder when h(12) is divided by g.
20
Let r be 3*-2 + 0/3. Calculate the remainder when 298/12 + r/(-36) is divided by 14.
11
Suppose 4*v + 2*g - 26 = 16, 0 = 4*v - g - 51. Calculate the remainder when 47 is divided by v.
11
Suppose 5*n = 42 + 3. What is the remainder when 33 is divided by n?
6
Suppose 1 = 2*o - 7. Suppose 2 = -2*t, -o*b - 3*t - 17 = -2*b. Calculate the remainder when b/(2/(-12)*2) is divided by 8.
5
Let v = -159 + 239. What is the remainder when v is divided by 46?
34
Let m(t) = -3*t - 7. Let a be m(-4). Let w(l) = 3*l + 7. What is the remainder when w(a) is divided by 12?
10
Let i = 32 + -12. Let s be (24/16)/((-1)/22). Let u = 4 - s. What is the remainder when u is divided by i?
17
Suppose 55 = -4*l + 107. What is the remainder when 88 is divided by l?
10
Suppose 4*r + j = 1067, -5*r = -r + 5*j - 1079. Calculate the remainder when r is divided by 67.
65
Let f = 85 - -47. Suppose 2*h + f = 4*u, u - 40 = -2*h - h. Let j = u - 8. What is the remainder when j is divided by 7?
5
Calculate the remainder when 62 is divided by ((-7)/(-14))/((-1)/2) + 9.
6
Suppose -3*h - 24 = -z, -2*z = -z - h - 14. What is the remainder when 34 is divided by z?
7
Let a(i) = -i - 1. Let z be a(-3). Suppose 3*t - 2*f + 4*f - 14 = 0, 0 = -z*t - 5*f + 2. What is the remainder when 17 is divided by t?
5
Let c(y) = -2*y - 3. Let d be c(-2). Suppose 8 = 3*a - d. Calculate the remainder when (-10)/a*6/(-4) is divided by 2.
1
Suppose -14 = -3*b + 55. Let d be 1 - (3/(-3) + 1). Calculate the remainder when b is divided by d/(3 + (-34)/12).
5
Calculate the remainder when -6*1/(-2) - -5 is divided by 3.
2
Let v(k) = k**2 + 13 - 2*k - 4 - 5*k. Let g be v(9). Suppose -2*h + 157 = 5*u, h + 43 = 2*u - g. Calculate the remainder when u is divided by 9.
6
Suppose 2*j + 8 = 0, -6*r + 5*j + 89 = -3*r. Suppose -3*o + 22 = -14. What is the remainder when r is divided by o?
11
Let z = 37 + -25. What is the remainder when 46 is divided by z?
10
Suppose -n - 2*n - m + 15 = 0, -3*n + 27 = 5*m. Suppose 0 = q - n + 10. Calculate the remainder when 40 is divided by -35*-1*q/(-15).
12
Let j(d) = -d**3 - 3*d**2 - d - 9. What is the remainder when j(-5) is divided by 12?
10
Let u be 2/(-8) - 26/(-8). Suppose -5*b + b = 12, 0 = -i - u*b - 14. Let x(k) = k**3 + 5*k**2 - 3*k - 4. Calculate the remainder when 31 is divided by x(i).
9
Let g(q) = -9*q + 5. Suppose -14 - 6 = -5*n. Let z(u) = -u**2 + 7*u + 5. What is the remainder when g(-5) is divided by z(n)?
16
Let j(g) = 3*g - 6. Let b be j(4). Suppose b*h - 3*h = 51. Calculate the remainder when (7/4)/(4/112) is divided by h.
15
Let f = 30 + -16. Calculate the remainder when f is divided by 4.
2
Let d be 2 - 26 - (-1 - 1). Let t = -16 - d. Let y = -6 + 17. What is the remainder when y is divided by t?
5
Let p(g) = g**2 - 13*g - 12. Calculate the remainder when 66 is divided by p(15).
12
Suppose 3 + 12 = 3*k. Suppose -2*j = -k*j + 39. What is the remainder when 50 is divided by j?
11
What is the remainder when 52 is divided by 0/(-7) - 9*-2?
16
Let u = -15 + 18. Calculate the remainder when 66 is divided by 34*((-28)/(-8) - u).
15
Suppose 2*y + u = -0*u + 19, 0 = 4*y + 5*u - 29. 